
What is the remainder when 1820 is divided by 336?
140
What is the remainder when 8038 is divided by 72?
46
What is the remainder when 95145 is divided by 47515?
115
What is the remainder when 13577 is divided by 2241?
131
What is the remainder when 1494 is divided by 101?
80
Calculate the remainder when 25627 is divided by 4257.
85
What is the remainder when 30209 is divided by 21?
11
What is the remainder when 19859 is divided by 144?
131
What is the remainder when 2381 is divided by 1786?
595
Calculate the remainder when 2109812 is divided by 14.
12
Calculate the remainder when 3569 is divided by 3565.
4
What is the remainder when 581690 is divided by 20?
10
What is the remainder when 3313 is divided by 77?
2
Calculate the remainder when 51950 is divided by 272.
270
Calculate the remainder when 372369 is divided by 115.
114
Calculate the remainder when 2565 is divided by 494.
95
What is the remainder when 1788 is divided by 163?
158
What is the remainder when 200361 is divided by 71?
70
What is the remainder when 13324 is divided by 13319?
5
Calculate the remainder when 141140 is divided by 97.
5
What is the remainder when 2206 is divided by 563?
517
What is the remainder when 422109 is divided by 170?
169
What is the remainder when 24819 is divided by 17?
16
Calculate the remainder when 194817 is divided by 1020.
1017
Calculate the remainder when 4209 is divided by 771.
354
Calculate the remainder when 57025 is divided by 53.
50
What is the remainder when 19302 is divided by 3858?
12
Calculate the remainder when 80636 is divided by 336.
332
What is the remainder when 2503 is divided by 601?
99
What is the remainder when 2369229 is divided by 244?
233
What is the remainder when 15914 is divided by 46?
44
What is the remainder when 304232 is divided by 20281?
17
Calculate the remainder when 11176 is divided by 2104.
656
Calculate the remainder when 1162477 is divided by 545.
537
Calculate the remainder when 323994 is divided by 125.
119
What is the remainder when 1521103 is divided by 206?
205
What is the remainder when 4451 is divided by 4260?
191
Calculate the remainder when 7624 is divided by 292.
32
Calculate the remainder when 59066 is divided by 139.
130
What is the remainder when 1638 is divided by 127?
114
What is the remainder when 8345 is divided by 694?
17
What is the remainder when 63418 is divided by 140?
138
What is the remainder when 31764 is divided by 355?
169
What is the remainder when 169713 is divided by 240?
33
Calculate the remainder when 2218 is divided by 1350.
868
Calculate the remainder when 150288 is divided by 1059.
969
Calculate the remainder when 10629 is divided by 1874.
1259
What is the remainder when 13929 is divided by 27?
24
What is the remainder when 366384 is divided by 183187?
10
Calculate the remainder when 2431 is divided by 2305.
126
What is the remainder when 785 is divided by 2?
1
What is the remainder when 3968 is divided by 1978?
12
Calculate the remainder when 26217 is divided by 550.
367
What is the remainder when 31725 is divided by 2134?
1849
What is the remainder when 469 is divided by 225?
19
Calculate the remainder when 7500 is divided by 1771.
416
Calculate the remainder when 16669 is divided by 416.
29
What is the remainder when 2722 is divided by 1360?
2
What is the remainder when 7589 is divided by 52?
49
What is the remainder when 5127 is divided by 576?
519
What is the remainder when 28226 is divided by 133?
30
Calculate the remainder when 8818 is divided by 39.
4
Calculate the remainder when 46375 is divided by 1224.
1087
Calculate the remainder when 125621 is divided by 31395.
41
What is the remainder when 58364 is divided by 32?
28
What is the remainder when 88125 is divided by 36?
33
What is the remainder when 1364 is divided by 174?
146
What is the remainder when 15980 is divided by 35?
20
What is the remainder when 260200 is divided by 156?
148
Calculate the remainder when 406 is divided by 82.
78
Calculate the remainder when 43618 is divided by 295.
253
What is the remainder when 22966 is divided by 17?
16
Calculate the remainder when 272 is divided by 259.
13
What is the remainder when 80166 is divided by 1296?
1110
What is the remainder when 5864 is divided by 474?
176
What is the remainder when 36290 is divided by 3295?
45
What is the remainder when 5803 is divided by 5681?
122
Calculate the remainder when 5322 is divided by 5205.
117
What is the remainder when 14685 is divided by 773?
771
What is the remainder when 88767 is divided by 14?
7
Calculate the remainder when 266189 is divided by 188.
169
What is the remainder when 6003 is divided by 462?
459
What is the remainder when 9165 is divided by 70?
65
Calculate the remainder when 198651 is divided by 181.
94
What is the remainder when 13671 is divided by 52?
47
Calculate the remainder when 146053 is divided by 1391.
1389
Calculate the remainder when 485279 is divided by 19411.
4
Calculate the remainder when 1156 is divided by 302.
250
Calculate the remainder when 9106 is divided by 7092.
2014
What is the remainder when 501285 is divided by 100256?
5
Calculate the remainder when 821 is divided by 69.
62
Calculate the remainder when 49544 is divided by 4503.
11
Calculate the remainder when 1507932 is divided by 57.
54
Calculate the remainder when 7929 is divided by 3558.
813
What is the remainder when 1959 is divided by 633?
60
What is the remainder when 2058 is divided by 821?
416
Calculate the remainder when 895 is divided by 424.
47
What is the remainder when 37630 is divided by 224?
222
What is the remainder when 7977 is divided by 347?
343
What is the remainder when 62069 is divided by 312?
293
Calculate the remainder when 435 is divided by 214.
7
What is the remainder when 335419 is divided by 335417?
2
Calculate the remainder when 58950 is divided by 167.
166
What is the remainder when 54731 is divided by 251?
13
Calculate the remainder when 44835 is divided by 122.
61
Calculate the remainder when 3089 is divided by 134.
7
What is the remainder when 15244 is divided by 1520?
44
Calculate the remainder when 15941 is divided by 387.
74
Calculate the remainder when 6558 is divided by 1657.
1587
What is the remainder when 17730 is divided by 22?
20
What is the remainder when 18147 is divided by 1212?
1179
What is the remainder when 515606 is divided by 199?
196
Calculate the remainder when 1279 is divided by 365.
184
What is the remainder when 307446 is divided by 102479?
9
Calculate the remainder when 2697 is divided by 1283.
131
Calculate the remainder when 19941 is divided by 11.
9
Calculate the remainder when 2216 is divided by 69.
8
What is the remainder when 21189 is divided by 1323?
21
Calculate the remainder when 3286 is divided by 554.
516
What is the remainder when 5270 is divided by 13?
5
Calculate the remainder when 28749 is divided by 9327.
768
Calculate the remainder when 9945 is divided by 166.
151
What is the remainder when 8577 is divided by 175?
2
Calculate the remainder when 808 is divided by 203.
199
Calculate the remainder when 104287 is divided by 197.
74
What is the remainder when 1795 is divided by 1663?
132
Calculate the remainder when 13782 is divided by 129.
108
What is the remainder when 103367 is divided by 34453?
8
Calculate the remainder when 38244 is divided by 262.
254
What is the remainder when 14468 is divided by 254?
244
Calculate the remainder when 65494 is divided by 153.
10
What is the remainder when 75518 is divided by 40?
38
What is the remainder when 158 is divided by 119?
39
Calculate the remainder when 6740 is divided by 24.
20
Calculate the remainder when 26404 is divided by 26310.
94
What is the remainder when 213124 is divided by 67?
64
Calculate the remainder when 1034709 is divided by 24.
21
What is the remainder when 2391 is divided by 771?
78
What is the remainder when 79489 is divided by 115?
24
What is the remainder when 36297 is divided by 12066?
99
What is the remainder when 266028 is divided by 719?
717
What is the remainder when 6012 is divided by 424?
76
Calculate the remainder when 1646 is divided by 267.
44
What is the remainder when 31528 is divided by 517?
508
What is the remainder when 149850 is divided by 663?
12
Calculate the remainder when 19397 is 